9302 a multiple of 9?
True
Is 1059 a factor of 2622084?
True
Is 38 a factor of 366662?
True
Is 487 a factor of 348982?
False
Is 447028 a multiple of 472?
False
Is 103062 a multiple of 5?
False
Is 520002 a multiple of 42?
True
Is 15 a factor of 1748911?
False
Is 271 a factor of 1102820?
False
Does 8 divide 446507?
False
Is 257 a factor of 342252?
False
Is 44317 a multiple of 5?
False
Is 966798 a multiple of 9?
True
Does 7 divide 323890?
True
Does 169 divide 78585?
True
Is 370008 a multiple of 27?
True
Does 39 divide 2062086?
True
Is 236950 even?
True
Is 997220 a multiple of 419?
True
Is 18 a factor of 341280?
True
Does 31 divide 31155?
True
Is 104094 a multiple of 11?
False
Does 9 divide 57037?
False
Is 332642 a multiple of 46?
False
Is 5959473 a multiple of 39?
True
Does 133 divide 144438?
True
Is 10087 a multiple of 12?
False
Does 58 divide 48342?
False
Is 98146 a multiple of 54?
False
Is 77 a factor of 37961?
True
Does 53 divide 27682?
False
Does 347 divide 776239?
True
Is 702099 a multiple of 9?
True
Does 409 divide 3721491?
True
Is 12 a factor of 168000?
True
Is 71655 a multiple of 8?
False
Does 117 divide 880308?
True
Is 225639 a multiple of 21?
False
Does 271 divide 707039?
True
Does 32 divide 1218945?
False
Does 14 divide 30181?
False
Does 34 divide 304946?
True
Is 4 a factor of 185096?
True
Is 238 a factor of 43389?
False
Is 196430 a multiple of 26?
True
Is 51249 a multiple of 12?
False
Does 500 divide 693000?
True
Is 1461023 a multiple of 361?
False
Is 6291753 a multiple of 377?
True
Is 322 a factor of 2177686?
True
Is 536469 a multiple of 67?
True
Is 112 a factor of 139104?
True
Does 595 divide 326535?
False
Is 125498 a multiple of 281?
False
Is 40570 a multiple of 25?
False
Does 8 divide 309064?
True
Does 6 divide 12226?
False
Does 9 divide 8885511?
True
Does 51 divide 187986?
True
Does 647 divide 772973?
False
Does 4 divide 337122?
False
Does 5 divide 3175924?
False
Is 224 a factor of 958944?
True
Is 2554 a multiple of 69?
False
Is 63 a factor of 4486758?
False
Does 5 divide 546?
False
Is 1426957 a multiple of 26?
False
Is 5 a factor of 3208634?
False
Is 5740592 a multiple of 13?
True
Is 1738340 a multiple of 20?
True
Does 182 divide 1912280?
False
Does 5 divide 6442?
False
Does 17 divide 36465?
True
Is 15 a factor of 17612733?
False
Does 577 divide 5942575?
False
Is 95038 a multiple of 103?
False
Is 182954 a multiple of 130?
False
Is 735072 a multiple of 12?
True
Is 388593 a multiple of 2?
False
Does 4 divide 50908?
True
Is 4 a factor of 1798?
False
Does 7 divide 854679?
True
Is 1232870 a multiple of 82?
True
Is 7713264 a multiple of 73?
False
Is 72 a factor of 1896150?
False
Is 201000 a multiple of 250?
True
Is 16 a factor of 42000?
True
Does 173 divide 232685?
True
Is 2 a factor of 440898?
True
Does 77 divide 71981?
False
Is 2193170 a multiple of 38?
True
Is 28 a factor of 1095444?
True
Does 36 divide 486916?
False
Is 4 a factor of 462136?
True
Does 22 divide 155875?
False
Is 680828 a multiple of 84?
False
Is 141 a factor of 5123715?
False
Does 175 divide 1419774?
False
Does 198 divide 526086?
True
Is 4891470 a multiple of 90?
False
Does 146 divide 3257?
False
Is 17 a factor of 377607?
False
Is 4858378 a multiple of 1141?
True
Is 2353 a factor of 2421155?
False
Does 15 divide 357831?
False
Is 1704351 a multiple of 55?
False
Does 12 divide 3116694?
False
Does 78 divide 1411332?
True
Does 155 divide 2272455?
True
Is 1952700 a multiple of 23?
True
Is 518 a factor of 3763187?
False
Does 30 divide 3051450?
True
Is 22 a factor of 6824929?
False
Is 81732 a multiple of 556?
True
Does 7 divide 2113726?
False
Does 72 divide 73679?
False
Does 3 divide 62155?
False
Is 132 a factor of 258456?
True
Is 20 a factor of 63840?
True
Is 11931 a multiple of 25?
False
Is 1203683 a multiple of 689?
True
Does 33 divide 98637?
True
Is 1009386 a multiple of 2?
True
Is 28623 a multiple of 203?
True
Is 40 a factor of 31449?
False
Is 8463000 a multiple of 155?
True
Is 1224 a multiple of 4?
True
Is 4228120 a multiple of 940?
True
Is 3785208 a multiple of 24?
True
Is 35 a factor of 15069?
False
Is 487216 a multiple of 270?
False
Is 48 a factor of 1968?
True
Is 3939824 a multiple of 16?
True
Is 43 a factor of 4300301?
True
Is 59 a factor of 84547?
True
Is 857328 a multiple of 16?
True
Is 2226031 a multiple of 37?
True
Is 278 a factor of 415026?
False
Is 8 a factor of 71920?
True
Is 59460 a multiple of 31?
False
Is 200 a factor of 895764?
False
Does 397 divide 20728958?
True
Does 90 divide 305550?
True
Is 1483368 a multiple of 38?
True
Does 34 divide 44508?
False
Is 56 a factor of 53760?
True
Is 13 a factor of 23897869?
False
Is 60 a factor of 125280?
True
Is 6807528 a multiple of 2078?
True
Does 358 divide 157733?
False
Is 103 a factor of 442285?
False
Does 305 divide 417545?
True
Is 13319368 a multiple of 97?
False
Is 250694 a multiple of 326?
True
Is 31 a factor of 151838?
True
Is 585 a factor of 13111907?
False
Is 211185 a multiple of 15?
True
Is 33 a factor of 251526?
True
Is 255 a factor of 9229678?
False
Does 45 divide 5726?
False
Is 12 a factor of 1882200?
True
Is 5708479 a multiple of 479?
False
Is 361917 a multiple of 59?
False
Is 10 a factor of 17700?
True
Does 12 divide 457310?
False
Does 14 divide 8210?
False
Is 3168468 a multiple of 311?
True
Does 11 divide 63683?
False
Is 2120816 a multiple of 166?
True
Is 6 a factor of 388230?
True
Is 598634 a multiple of 10?
False
Is 10 a factor of 14480?
True
Does 494 divide 1717638?
True
Does 18 divide 15354764?
False
Is 31 a factor of 511249?
False
Does 96 divide 71136?
True
Is 108155 a multiple of 5?
True
Does 80 divide 1671680?
True
Does 244 divide 979416?
True
Is 5540 a multiple of 17?
False
Is 289614 a multiple of 94?
True
Is 2460535 a multiple of 19?
False
Is 8 a factor of 1002376?
True
Is 312 a factor of 289224?
True
Does 221 divide 563550?
True
Is 11 a factor of 1255361?
False
Is 534920 a multiple of 344?
True
Does 15 divide 255?
True
Is 5807255 a multiple of 118?
False
Is 735228 a multiple of 117?
True
Does 74 divide 3405776?
True
Does 37 divide 182783?
False
Does 11 divide 5594985?
True
Does 38 divide 106822?
False
Does 135 divide 165105?
True
Is 31 a factor of 212412?
True
Is 2448855 a multiple of 187?
False
Is 34 a factor of 548107?
False
Is 5293223 a multiple of 41?
True
Is 9161715 a multiple of 7?
False
Is 92 a factor of 30820?
True
Is 50508 a multiple of 391?
False
Is 3465607 a multiple of 737?
False
Does 552 divide 527552?
False
Does 21 divide 103446?
True
Does 353 divide 531455?
False
Is 13 a factor of 1120564?
False
Is 16 a factor of 222754?
False
Is 9 a factor of 101399?
False
Does 2 divide 406951?
False
Does 14 divide 3640?
True
Does 8 divide 2794?
False
Does 162 divide 196020?
True
Is 11138119 a multiple of 32?
False
Is 140367 a multiple of 61?
False
Is 21 a factor of 1208497?
False
Is 11 a factor of 7276262?
False
Is 62770 a multiple of 26?
False
Does 139 divide 2142268?
True
Is 1553 a factor of 30730048?
False
Is 5579928 a multiple of 54?
True
Is 34937159 a multiple of 35?
False
Is 342716 a multiple of 36?
False
Does 48 divide 868272?
True
Is 13 a factor of 146874?
True
Is 33238 a multiple of 47?
False
Does 16 divide 2175440?
True
Is 565656 a multiple of 294?
True
Is 43 a factor of 71853?
True
Does 12 divide 80859?
False
Is 632272 a multiple of 14?
False
Is 10270851 a multiple of 595?
False
Does 53 divide 9216?
False
Is 36 a factor of 2117412?
True
Is 223 a factor of 1315942?
False
Is 267828 a multiple of 44?
True
Does 3 divide 4124472?
True
Is 47 a factor of 97713?
True
Is 136687 a multiple of 37?
False
Is 132751 a multiple of 54?
False
Is 15168292 a multiple of 453?
False
Does 74 divide 302586?
True
Is 145 a factor of 287535?
True
Is 10 a factor of 5818049?
False
Is 34 a factor of 157998?
True
Does 8 divide 3710313?
False
Does 174 divide 194010?
True
Is 98083 a multiple of 10?
False
Is 527 a factor of 822120?
True
Is 4349800 a multiple of 8?
True
Is 337344 a multiple of 129?
False
Is 55 a factor of 1302180?
True
Is 155 a factor of 42822?
False
Does 454 divide 7745?
False
Is 1813984 a multiple of 1535?
False
Does 989 divide 2280263?
False
Does 6 divide 1849352?
False
Is 437962 a multiple of 574?
True
Is 19 a factor of 7383573?
False
Is 1004626 a multiple of 371?
False
Is 393 a fac